
{"id":632,"date":"2023-03-28T06:41:18","date_gmt":"2023-03-28T06:41:18","guid":{"rendered":"https:\/\/dev2.iibanks.com\/westafrica\/?page_id=632"},"modified":"2025-01-28T14:19:31","modified_gmt":"2025-01-28T14:19:31","slug":"proposito-e-valores","status":"publish","type":"page","link":"https:\/\/dev2.iibanks.com\/westafrica\/pt\/quem-somos\/proposito-e-valores\/","title":{"rendered":"Prop\u00f3sito e Valores"},"content":{"rendered":"<section class=\"wpb-content-wrapper\"><p>[vc_section full_width=&#8221;stretch_row_content&#8221; el_class=&#8221;image-banner-with-text&#8221; css=&#8221;.vc_custom_1664516163430{padding-top: 0px !important;padding-bottom: 0px !important;}&#8221;][vc_row tm_bgimagefixed=&#8221;&#8221; full_width=&#8221;stretch_row_content_no_spaces&#8221;][vc_column][vc_row_inner][vc_column_inner css=&#8221;.vc_custom_1659424244579{padding-left: 0px !important;}&#8221;][vc_single_image image=&#8221;164&#8243; img_size=&#8221;full&#8221; alignment=&#8221;center&#8221; css=&#8221;.vc_custom_1678956581749{margin-bottom: 0px !important;}&#8221;][vc_column_text css=&#8221;.vc_custom_1680178984221{margin-bottom: 0px !important;padding-top: 15px !important;padding-bottom: 15px !important;background-color: rgba(10,10,10,0.35) !important;*background-color: rgb(10,10,10) !important;}&#8221; el_class=&#8221;white-text banner-heading banner-text-box&#8221;]Ess\u00eancia da Marca<\/p>\n<p>Transformando Vidas[\/vc_column_text][\/vc_column_inner][\/vc_row_inner][\/vc_column][\/vc_row][\/vc_section][vc_section css=&#8221;.vc_custom_1659425828144{padding-top: 50px !important;padding-right: 15px !important;padding-bottom: 50px !important;padding-left: 15px !important;background-color: #1a2159 !important;}&#8221; el_class=&#8221;our-purpose-text-box&#8221;][vc_row tm_bgimagefixed=&#8221;&#8221;][vc_column][vc_row_inner][vc_column_inner][vc_column_text el_class=&#8221;white-text purpose-text-heading&#8221; css=&#8221;.vc_custom_1738073923346{margin-bottom: 30px !important;}&#8221;]<\/p>\n<p style=\"text-align: center;\">O Nosso Prop\u00f3sito<\/p>\n<p>[\/vc_column_text][vc_column_text el_class=&#8221;white-text purpose-values-text-box&#8221; css=&#8221;.vc_custom_1738073956662{margin-bottom: 0px !important;}&#8221;]<\/p>\n<h3 style=\"text-align: center;\">Ajudar as pessoas a concretizar as suas ambi\u00e7\u00f5es.<\/h3>\n<p>[\/vc_column_text][\/vc_column_inner][\/vc_row_inner][\/vc_column][\/vc_row][\/vc_section][vc_section css=&#8221;.vc_custom_1738073092226{padding-top: 50px !important;padding-right: 15px !important;padding-bottom: 50px !important;padding-left: 15px !important;background-color: #efefef !important;}&#8221; el_class=&#8221;our-purpose-text-box ouroW&#8221;][vc_row tm_bgimagefixed=&#8221;&#8221;][vc_column][vc_row_inner][vc_column_inner][vc_column_text el_class=&#8221;font-size-36 margin-b-purpose-text&#8221; css=&#8221;.vc_custom_1682502909144{margin-bottom: 0px !important;}&#8221;]<\/p>\n<h4 style=\"text-align: left;\">O nosso prop\u00f3sito deriva da nossa Ess\u00eancia de Marca. Representa as nossas ambi\u00e7\u00f5es e aspira\u00e7\u00f5es. Inspira-nos a fazer o que fazemos e como o fazemos.<\/h4>\n<h4 style=\"text-align: left;\">A nossa proposta de marca incorpora tudo o que nos inspira e guia. Evidencia a forma como nos tratamos uns aos outros, seja um colega ou um cliente. Fornece a plataforma a partir da qual destilamos qualquer mensagem, qualquer comportamento e qualquer promessa que fazemos enquanto marca iib\u2026<\/h4>\n<p>[\/vc_column_text][\/vc_column_inner][\/vc_row_inner][\/vc_column][\/vc_row][\/vc_section][vc_section el_class=&#8221;values-purpose-bank-sec&#8221; css=&#8221;.vc_custom_1660816927837{padding-top: 65px !important;}&#8221;][vc_row tm_bgimagefixed=&#8221;&#8221; break_in_responsive=&#8221;1200&#8243; equal_height=&#8221;yes&#8221; rtl_reverse=&#8221;yes&#8221; el_class=&#8221;max-width-980&#8243;][vc_column][vc_row_inner css=&#8221;.vc_custom_1660198241980{padding-right: 0px !important;padding-left: 0px !important;}&#8221; el_class=&#8221;font-size-36&#8243;][vc_column_inner el_class=&#8221;left-image-right-content&#8221; css=&#8221;.vc_custom_1659521442123{padding-right: 0px !important;padding-left: 0px !important;}&#8221;][vc_single_image image=&#8221;168&#8243; img_size=&#8221;full&#8221; alignment=&#8221;center&#8221; css=&#8221;.vc_custom_1678956591869{margin-bottom: 0px !important;}&#8221;][vc_column_text el_class=&#8221;custom-white-text-box&#8221; css=&#8221;.vc_custom_1683099199743{background-color: #efefef !important;}&#8221;]<\/p>\n<h4 class=\"tm-custom-heading \">O Seu Banco,<br \/>\nO Seu Futuro<\/h4>\n<p>O nosso Slogan \u00e9 a manifesta\u00e7\u00e3o exterior da nossa Ess\u00eancia e Prop\u00f3sito.[\/vc_column_text][\/vc_column_inner][\/vc_row_inner][\/vc_column][\/vc_row][\/vc_section][vc_section css=&#8221;.vc_custom_1738073137090{padding-top: 50px !important;padding-right: 15px !important;padding-bottom: 50px !important;padding-left: 15px !important;background-color: #1a2159 !important;}&#8221; el_class=&#8221;our-purpose-text-box letter-spacing-1 posotionroW&#8221;][vc_row tm_bgimagefixed=&#8221;&#8221;][vc_column][vc_row_inner][vc_column_inner][vc_column_text el_class=&#8221;white-text font-size-36&#8243; css=&#8221;.vc_custom_1680179177483{margin-bottom: 0px !important;}&#8221;]<\/p>\n<h4 style=\"text-align: left;\">O nosso posicionamento nos diferencia, nos sustenta e nos motiva. \u00c9 isso que queremos que as pessoas associem quando pensam em n\u00f3s.<\/h4>\n<p>[\/vc_column_text][\/vc_column_inner][\/vc_row_inner][\/vc_column][\/vc_row][\/vc_section][vc_section el_class=&#8221;explore-our-locations custom-container-1301-width-three three_into_two&#8221; css=&#8221;.vc_custom_1738073155535{padding-top: 55px !important;background-color: #efefef !important;}&#8221;][vc_row][vc_column][vc_row_inner el_class=&#8221;font-size-36&#8243;][vc_column_inner][vc_custom_heading text=&#8221;Os Nossos Valores&#8221; font_container=&#8221;tag:h2|text_align:center&#8221; use_theme_fonts=&#8221;yes&#8221; css=&#8221;.vc_custom_1681288980388{margin-bottom: 55px !important;}&#8221;][\/vc_column_inner][\/vc_row_inner][\/vc_column][\/vc_row][vc_row tm_bgimagefixed=&#8221;&#8221; break_in_responsive=&#8221;1200&#8243; tm_zindex=&#8221;&#8221; el_class=&#8221;our-values-section boX3&#8243;][vc_column width=&#8221;1\/3&#8243;][vc_row_inner css=&#8221;.vc_custom_1663569843114{padding-right: 17.5px !important;padding-left: 17.5px !important;}&#8221; tm_responsive_css=&#8221;87547761|colbreak_no||||||0||0|colbreak_no|||||||||colbreak_no||||||||||colbreak_no|||||||||&#8221;][vc_column_inner][vc_single_image image=&#8221;165&#8243; img_size=&#8221;full&#8221; alignment=&#8221;center&#8221; css=&#8221;.vc_custom_1678956609850{margin-bottom: 0px !important;}&#8221;][vc_column_text css=&#8221;.vc_custom_1680246464499{padding-top: 30px !important;padding-right: 30px !important;padding-bottom: 30px !important;padding-left: 30px !important;background-color: #ffffff !important;}&#8221; el_class=&#8221;font-size-36 font-size-18 custom-text-box&#8221;]<\/p>\n<h4>Inova\u00e7\u00e3o<\/h4>\n<p>Com o Conhecimento vem a Inova\u00e7\u00e3o. Acreditamos que qualquer problema tem uma solu\u00e7\u00e3o e esta pode ser alcan\u00e7ada atrav\u00e9s da l\u00f3gica e da raz\u00e3o. A nossa m\u00e3o-de-obra diversificada gera criatividade org\u00e2nica, levando \u00e0 inova\u00e7\u00e3o nas nossas ofertas de produtos e servi\u00e7os.[\/vc_column_text][\/vc_column_inner][\/vc_row_inner][\/vc_column][vc_column width=&#8221;1\/3&#8243;][vc_row_inner css=&#8221;.vc_custom_1663569854783{padding-right: 17.5px !important;padding-left: 17.5px !important;}&#8221; tm_responsive_css=&#8221;20659142|colbreak_no||||||0||0|colbreak_no|||||||||colbreak_no||||||||||colbreak_no|||||||||&#8221;][vc_column_inner][vc_single_image image=&#8221;166&#8243; img_size=&#8221;full&#8221; alignment=&#8221;center&#8221; css=&#8221;.vc_custom_1678956617732{margin-bottom: 0px !important;}&#8221;][vc_column_text css=&#8221;.vc_custom_1680246484393{padding-top: 30px !important;padding-right: 30px !important;padding-bottom: 30px !important;padding-left: 30px !important;background-color: #ffffff !important;}&#8221; el_class=&#8221;font-size-36 font-size-18 custom-text-box&#8221;]<\/p>\n<h4>Parceria<\/h4>\n<p>A parceria significa que colaboramos, e isso traz-nos sucesso. Todas as nossas rela\u00e7\u00f5es s\u00e3o mutuamente ben\u00e9ficas, dando aos clientes e colegas um verdadeiro sentido de posse.[\/vc_column_text][\/vc_column_inner][\/vc_row_inner][\/vc_column][vc_column width=&#8221;1\/3&#8243;][vc_row_inner css=&#8221;.vc_custom_1663569867399{padding-right: 17.5px !important;padding-left: 17.5px !important;}&#8221; tm_responsive_css=&#8221;37718171|colbreak_no||||||0||0|colbreak_no|||||||||colbreak_no||||||||||colbreak_no|||||||||&#8221;][vc_column_inner][vc_single_image image=&#8221;167&#8243; img_size=&#8221;full&#8221; alignment=&#8221;center&#8221; css=&#8221;.vc_custom_1678956625991{margin-bottom: 0px !important;}&#8221;][vc_column_text css=&#8221;.vc_custom_1680246501714{padding-top: 30px !important;padding-right: 30px !important;padding-bottom: 30px !important;padding-left: 30px !important;background-color: #ffffff !important;}&#8221; el_class=&#8221;font-size-36 font-size-18 custom-text-box&#8221;]<\/p>\n<h4>Compromisso<\/h4>\n<p>Estamos comprometidos com os nossos colaboradores, os nossos clientes e os nossos stakeholders. Acreditamos que com o compromisso vem a excel\u00eancia, orientando-nos para o melhor resultado poss\u00edvel em qualquer cen\u00e1rio.[\/vc_column_text][\/vc_column_inner][\/vc_row_inner][\/vc_column][\/vc_row][\/vc_section][vc_section css=&#8221;.vc_custom_1738073189827{padding-top: 65px !important;padding-bottom: 65px !important;}&#8221; el_class=&#8221;quoteroW&#8221;][vc_row tm_bgimagefixed=&#8221;&#8221;][vc_column][vc_row_inner][vc_column_inner el_class=&#8221;transform-accelerate-text-box&#8221;][vc_column_text el_class=&#8221;font-size-36 font-size-18&#8243; css=&#8221;.vc_custom_1731577718533{margin-bottom: 0px !important;}&#8221;]<\/p>\n<h4>\u201cTransformaremos e aceleraremos o nosso neg\u00f3cio atrav\u00e9s de dados e an\u00e1lises enquanto aderimos \u00e0s melhores pr\u00e1ticas globais\u201d.<\/h4>\n<p>Farah Sayeed, Director \u2013 Brands &amp; MarCom[\/vc_column_text][\/vc_column_inner][\/vc_row_inner][\/vc_column][\/vc_row][\/vc_section]<\/p>\n<\/section>","protected":false},"excerpt":{"rendered":"<p>[vc_section full_width=&#8221;stretch_row_content&#8221; el_class=&#8221;image-banner-with-text&#8221; css=&#8221;.vc_custom_1664516163430{padding-top: 0px !important;padding-bottom: 0px !important;}&#8221;][vc_row tm_bgimagefixed=&#8221;&#8221; full_width=&#8221;stretch_row_content_no_spaces&#8221;][vc_column][vc_row_inner][vc_column_inner css=&#8221;.vc_custom_1659424244579{padding-left: 0px !important;}&#8221;][vc_single_image image=&#8221;164&#8243; img_size=&#8221;full&#8221; alignment=&#8221;center&#8221; css=&#8221;.vc_custom_1678956581749{margin-bottom: 0px !important;}&#8221;][vc_column_text css=&#8221;.vc_custom_1680178984221{margin-bottom: 0px !important;padding-top: 15px !important;padding-bottom: 15px !important;background-color: rgba(10,10,10,0.35) !important;*background-color: rgb(10,10,10) !important;}&#8221; el_class=&#8221;white-text banner-heading banner-text-box&#8221;]Ess\u00eancia da Marca Transformando Vidas[\/vc_column_text][\/vc_column_inner][\/vc_row_inner][\/vc_column][\/vc_row][\/vc_section][vc_section css=&#8221;.vc_custom_1659425828144{padding-top: 50px !important;padding-right: 15px !important;padding-bottom: 50px !important;padding-left: 15px !important;background-color: #1a2159 !important;}&#8221; el_class=&#8221;our-purpose-text-box&#8221;][vc_row tm_bgimagefixed=&#8221;&#8221;][vc_column][vc_row_inner][vc_column_inner][vc_column_text el_class=&#8221;white-text purpose-text-heading&#8221; css=&#8221;.vc_custom_1738073923346{margin-bottom: 30px !important;}&#8221;] [&hellip;]<\/p>\n","protected":false},"author":1,"featured_media":0,"parent":619,"menu_order":0,"comment_status":"closed","ping_status":"closed","template":"","meta":[],"acf":[],"_links":{"self":[{"href":"https:\/\/dev2.iibanks.com\/westafrica\/wp-json\/wp\/v2\/pages\/632"}],"collection":[{"href":"https:\/\/dev2.iibanks.com\/westafrica\/wp-json\/wp\/v2\/pages"}],"about":[{"href":"https:\/\/dev2.iibanks.com\/westafrica\/wp-json\/wp\/v2\/types\/page"}],"author":[{"embeddable":true,"href":"https:\/\/dev2.iibanks.com\/westafrica\/wp-json\/wp\/v2\/users\/1"}],"replies":[{"embeddable":true,"href":"https:\/\/dev2.iibanks.com\/westafrica\/wp-json\/wp\/v2\/comments?post=632"}],"version-history":[{"count":4,"href":"https:\/\/dev2.iibanks.com\/westafrica\/wp-json\/wp\/v2\/pages\/632\/revisions"}],"predecessor-version":[{"id":12005,"href":"https:\/\/dev2.iibanks.com\/westafrica\/wp-json\/wp\/v2\/pages\/632\/revisions\/12005"}],"up":[{"embeddable":true,"href":"https:\/\/dev2.iibanks.com\/westafrica\/wp-json\/wp\/v2\/pages\/619"}],"wp:attachment":[{"href":"https:\/\/dev2.iibanks.com\/westafrica\/wp-json\/wp\/v2\/media?parent=632"}],"curies":[{"name":"wp","href":"https:\/\/api.w.org\/{rel}","templated":true}]}}