
{"id":666,"date":"2023-03-28T06:47:21","date_gmt":"2023-03-28T06:47:21","guid":{"rendered":"https:\/\/dev2.iibanks.com\/westafrica\/?page_id=666"},"modified":"2026-04-14T12:10:31","modified_gmt":"2026-04-14T12:10:31","slug":"sustentabilidade","status":"publish","type":"page","link":"https:\/\/dev2.iibanks.com\/westafrica\/pt\/sustentabilidade\/","title":{"rendered":"Sustentabilidade"},"content":{"rendered":"<section class=\"wpb-content-wrapper\"><p>[vc_section full_width=&#8221;stretch_row_content&#8221; el_class=&#8221;image-banner-with-text bottom-203-banner-text our-banks-banner-text&#8221; css=&#8221;.vc_custom_1664953234945{padding-top: 0px !important;padding-bottom: 0px !important;}&#8221;][vc_row tm_bgimagefixed=&#8221;&#8221; full_width=&#8221;stretch_row_content_no_spaces&#8221;][vc_column][vc_row_inner][vc_column_inner css=&#8221;.vc_custom_1659424244579{padding-left: 0px !important;}&#8221;][vc_single_image image=&#8221;195&#8243; img_size=&#8221;full&#8221; alignment=&#8221;center&#8221; css=&#8221;.vc_custom_1678958167708{margin-bottom: 0px !important;}&#8221;][vc_column_text css=&#8221;.vc_custom_1680255607157{margin-bottom: 0px !important;padding-top: 15px !important;padding-right: 25px !important;padding-bottom: 15px !important;padding-left: 10% !important;background-color: rgba(10,10,10,0.35) !important;*background-color: rgb(10,10,10) !important;}&#8221; el_class=&#8221;white-text banner-heading banner-text-box&#8221;]Bancarizando um<\/p>\n<p>mundo melhor[\/vc_column_text][\/vc_column_inner][\/vc_row_inner][\/vc_column][\/vc_row][\/vc_section][vc_section css=&#8221;.vc_custom_1737549505036{padding-top: 65px !important;padding-right: 15px !important;padding-bottom: 65px !important;padding-left: 15px !important;background-color: #1a2159 !important;}&#8221; el_class=&#8221;our-purpose-text-box ouroW&#8221;][vc_row tm_bgimagefixed=&#8221;&#8221;][vc_column][vc_row_inner][vc_column_inner][vc_column_text el_class=&#8221;white-text purpose-text-heading&#8221; css=&#8221;.vc_custom_1737548499770{margin-bottom: 0px !important;}&#8221;]<\/p>\n<p style=\"text-align: left;\">No iib, integramos proactivamente os nossos objectivos de sustentabilidade em tudo o que fazemos. Alinhados com o ODS da ONU, compreendemos que a mudan\u00e7a real e duradoura se realiza atrav\u00e9s do esfor\u00e7o colectivo<\/p>\n<p>[\/vc_column_text][\/vc_column_inner][\/vc_row_inner][\/vc_column][\/vc_row][\/vc_section][vc_section css=&#8221;.vc_custom_1737549526298{margin-top: 30px !important;padding-top: 20px !important;}&#8221; el_class=&#8221;ouroW&#8221;][vc_row tm_bgimagefixed=&#8221;&#8221; break_in_responsive=&#8221;1200&#8243;][vc_column][vc_row_inner][vc_column_inner][vc_column_text el_class=&#8221;font-size-36&#8243; css=&#8221;.vc_custom_1737550067606{margin-bottom: 40px !important;}&#8221;]<\/p>\n<h4 style=\"text-align: left;\">Reconhecemos que os mercados em que actuamos est\u00e3o naturalmente propensos a cumprir os nossos ODS e envidamos todos os esfor\u00e7os para potenciar esta oportunidade. Os nossos colaboradores, clientes e partes interessadas contribuem todos para os nossos programas de Sustentabilidade ao longo do ano.<\/h4>\n<p>[\/vc_column_text][\/vc_column_inner][\/vc_row_inner][\/vc_column][\/vc_row][vc_row tm_bgimagefixed=&#8221;&#8221; break_in_responsive=&#8221;1200&#8243;][vc_column][vc_row_inner css=&#8221;.vc_custom_1663569128288{padding-right: 17.5px !important;padding-left: 17.5px !important;}&#8221; tm_responsive_css=&#8221;99283703|colbreak_no||||||0||0|colbreak_no|||||||||colbreak_no||||||||||colbreak_no|||||||||&#8221;][vc_column_inner][vc_single_image image=&#8221;196&#8243; img_size=&#8221;full&#8221; alignment=&#8221;center&#8221; css=&#8221;.vc_custom_1678958188322{margin-bottom: 40px !important;}&#8221;][\/vc_column_inner][\/vc_row_inner][\/vc_column][\/vc_row][vc_row tm_bgimagefixed=&#8221;&#8221; break_in_responsive=&#8221;1200&#8243;][vc_column][vc_row_inner][vc_column_inner][vc_column_text el_class=&#8221;font-size-36&#8243; css=&#8221;.vc_custom_1737550083180{margin-bottom: 65px !important;}&#8221;]<\/p>\n<h4 style=\"text-align: left;\">As nossas principais \u00e1reas de interven\u00e7\u00e3o s\u00e3o a Sa\u00fade, Educa\u00e7\u00e3o e Ambiente. Estes objectivos contribuem para uma estrat\u00e9gia de crescimento com objectivos bem definidos, para que o nosso povo e o nosso planeta possam prosperar para um futuro melhor, come\u00e7ando hoje.<\/h4>\n<p>[\/vc_column_text][\/vc_column_inner][\/vc_row_inner][\/vc_column][\/vc_row][\/vc_section][vc_section el_class=&#8221;font-size-36&#8243; css=&#8221;.vc_custom_1665057494181{padding-top: 27px !important;padding-right: 15px !important;padding-bottom: 0px !important;padding-left: 15px !important;background-color: #e5e5e5 !important;}&#8221;][vc_row][vc_column][vc_row_inner][vc_column_inner][vc_column_text css=&#8221;.vc_custom_1680255659433{margin-bottom: 15px !important;}&#8221;]<\/p>\n<h4 style=\"text-align: center;\">Alinhamento com os ODS<\/h4>\n<p>[\/vc_column_text][vc_single_image image=&#8221;2116&#8243; img_size=&#8221;full&#8221; alignment=&#8221;center&#8221; css=&#8221;.vc_custom_1694086518844{margin-bottom: 57px !important;}&#8221;][\/vc_column_inner][\/vc_row_inner][\/vc_column][\/vc_row][vc_row tm_bgimagefixed=&#8221;&#8221; tm_zindex=&#8221;&#8221; css=&#8221;.vc_custom_1737549599443{padding-bottom: 20px !important;}&#8221; el_class=&#8221;three_into_two&#8221;][vc_column width=&#8221;1\/3&#8243;][vc_row_inner css=&#8221;.vc_custom_1663571246428{padding-right: 17.5px !important;padding-left: 17.5px !important;}&#8221; tm_responsive_css=&#8221;82287222|colbreak_no||||||0||0|colbreak_no|||||||||colbreak_no||||||||||colbreak_no|||||||||&#8221;][vc_column_inner][vc_column_text css=&#8221;.vc_custom_1665055968958{margin-bottom: 15px !important;}&#8221;]<\/p>\n<h4 class=\"tm-custom-heading \" style=\"text-align: center;\">Health<\/h4>\n<p>[\/vc_column_text][vc_single_image image=&#8221;197&#8243; img_size=&#8221;full&#8221; alignment=&#8221;center&#8221; css=&#8221;.vc_custom_1678958226813{margin-bottom: 65px !important;}&#8221;][\/vc_column_inner][\/vc_row_inner][\/vc_column][vc_column width=&#8221;1\/3&#8243;][vc_row_inner css=&#8221;.vc_custom_1663571257131{padding-right: 17.5px !important;padding-left: 17.5px !important;}&#8221; tm_responsive_css=&#8221;71305322|colbreak_no||||||0||0|colbreak_no|||||||||colbreak_no||||||||||colbreak_no|||||||||&#8221;][vc_column_inner][vc_column_text css=&#8221;.vc_custom_1665055976901{margin-bottom: 15px !important;}&#8221;]<\/p>\n<h4 style=\"text-align: center;\">Education<\/h4>\n<p>[\/vc_column_text][vc_single_image image=&#8221;198&#8243; img_size=&#8221;full&#8221; alignment=&#8221;center&#8221; css=&#8221;.vc_custom_1678958234849{margin-bottom: 65px !important;}&#8221;][\/vc_column_inner][\/vc_row_inner][\/vc_column][vc_column width=&#8221;1\/3&#8243;][vc_row_inner css=&#8221;.vc_custom_1663571296906{padding-right: 17.5px !important;padding-left: 17.5px !important;}&#8221; tm_responsive_css=&#8221;19613020|colbreak_no||||||0||0|colbreak_no|||||||||colbreak_no||||||||||colbreak_no|||||||||&#8221;][vc_column_inner][vc_column_text css=&#8221;.vc_custom_1665055985686{margin-bottom: 15px !important;}&#8221;]<\/p>\n<h4 style=\"text-align: center;\">Environment<\/h4>\n<p>[\/vc_column_text][vc_single_image image=&#8221;199&#8243; img_size=&#8221;full&#8221; alignment=&#8221;center&#8221; css=&#8221;.vc_custom_1678958243149{margin-bottom: 65px !important;}&#8221;][\/vc_column_inner][\/vc_row_inner][\/vc_column][\/vc_row][\/vc_section][vc_section css=&#8221;.vc_custom_1737549618771{padding-top: 65px !important;}&#8221; el_class=&#8221;three_into_two centerprT&#8221;][vc_row tm_bgimagefixed=&#8221;&#8221; tm_zindex=&#8221;&#8221; el_class=&#8221;rportroW reportS rportroWh2hghT&#8221; css=&#8221;.vc_custom_1739790347209{padding-bottom: 65px !important;}&#8221;][vc_column width=&#8221;1\/4&#8243;][vc_single_image image=&#8221;12020&#8243; img_size=&#8221;400&#215;566&#8243; css=&#8221;.vc_custom_1739788595880{margin-bottom: 0px !important;}&#8221; el_class=&#8221;report-image&#8221;][vc_row_inner tm_zindex=&#8221;&#8221; css=&#8221;.vc_custom_1721031640187{margin-top: 30px !important;}&#8221;][vc_column_inner][vc_custom_heading text=&#8221;Relat\u00f3rio Final de Aloca\u00e7\u00e3o e impacto da Social Bond&#8221; font_container=&#8221;tag:h2|font_size:32px|text_align:left|color:%23575757|line_height:40px&#8221; use_theme_fonts=&#8221;yes&#8221; css=&#8221;.vc_custom_1666347894661{margin-bottom: 30px !important;padding-bottom: 0px !important;}&#8221;][vc_column_text css=&#8221;.vc_custom_1739789184950{margin-bottom: 0px !important;}&#8221;]<\/p>\n<p style=\"text-align: left;\">Portuguese (3.94MB)<\/p>\n<p>[\/vc_column_text][vc_column_text css=&#8221;.vc_custom_1739789409826{margin-bottom: 0px !important;}&#8221; el_class=&#8221;download-default-button&#8221;]<a href=\"\/westafrica\/wp-content\/uploads\/sites\/4\/2025\/02\/RELATORIO_ALOCACAO_IMPACTO_SOCIAL_BOND.pdf\" download=\"\">Download pdf<\/a>[\/vc_column_text][\/vc_column_inner][\/vc_row_inner][\/vc_column][vc_column width=&#8221;1\/4&#8243;][vc_single_image image=&#8221;10730&#8243; img_size=&#8221;400&#215;566&#8243; css=&#8221;.vc_custom_1721031693771{margin-bottom: 0px !important;}&#8221; el_class=&#8221;report-image&#8221;][vc_row_inner tm_zindex=&#8221;&#8221; css=&#8221;.vc_custom_1721031640187{margin-top: 30px !important;}&#8221;][vc_column_inner][vc_custom_heading text=&#8221;Relat\u00f3rio de Impacto Blue Bond&#8221; font_container=&#8221;tag:h2|font_size:32px|text_align:left|color:%23575757|line_height:40px&#8221; use_theme_fonts=&#8221;yes&#8221; css=&#8221;.vc_custom_1666347894661{margin-bottom: 30px !important;padding-bottom: 0px !important;}&#8221;][vc_column_text css=&#8221;.vc_custom_1721031719483{margin-bottom: 0px !important;}&#8221;]<\/p>\n<p style=\"text-align: left;\">Portuguese (3.39MB)<\/p>\n<p>[\/vc_column_text][vc_column_text css=&#8221;.vc_custom_1721031763323{margin-bottom: 0px !important;}&#8221; el_class=&#8221;download-default-button&#8221;]<a href=\"\/westafrica\/wp-content\/uploads\/sites\/4\/2024\/07\/Relatoirio-de-Impacto-Blue-Bond.pdf\" download=\"\">Download pdf<\/a>[\/vc_column_text][\/vc_column_inner][\/vc_row_inner][\/vc_column][vc_column width=&#8221;1\/4&#8243; css=&#8221;.vc_custom_1666348185659{margin-bottom: 0px !important;padding-bottom: 0px !important;}&#8221;][vc_single_image image=&#8221;10077&#8243; img_size=&#8221;400&#215;566&#8243; css=&#8221;.vc_custom_1706883640491{margin-bottom: 0px !important;}&#8221; el_class=&#8221;report-image&#8221;][vc_row_inner css=&#8221;.vc_custom_1694252864946{margin-top: 30px !important;}&#8221;][vc_column_inner][vc_custom_heading text=&#8221;Relat\u00f3rio de impacto das<br \/>\nobriga\u00e7\u00f5es sociais&#8221; font_container=&#8221;tag:h2|font_size:32px|text_align:left|color:%23575757|line_height:40px&#8221; use_theme_fonts=&#8221;yes&#8221; css=&#8221;.vc_custom_1666347894661{margin-bottom: 30px !important;padding-bottom: 0px !important;}&#8221;][vc_column_text css=&#8221;.vc_custom_1707289760079{margin-bottom: 0px !important;}&#8221;]<\/p>\n<p style=\"text-align: left;\">Portuguese (2.81MB)<\/p>\n<p>[\/vc_column_text][vc_column_text css=&#8221;.vc_custom_1739789438215{margin-bottom: 0px !important;}&#8221; el_class=&#8221;download-default-button&#8221;]<a href=\"\/westafrica\/wp-content\/uploads\/sites\/4\/2024\/01\/relatorio-social-bond.pdf\" download=\"\">Download pdf<\/a>[\/vc_column_text][\/vc_column_inner][\/vc_row_inner][\/vc_column][vc_column width=&#8221;1\/4&#8243;][vc_single_image image=&#8221;10072&#8243; img_size=&#8221;400&#215;566&#8243; css=&#8221;.vc_custom_1706883648152{margin-bottom: 0px !important;}&#8221; el_class=&#8221;report-image&#8221;][vc_row_inner css=&#8221;.vc_custom_1694252873026{margin-top: 30px !important;}&#8221;][vc_column_inner][vc_custom_heading text=&#8221;Relat\u00f3rio de<br \/>\nSustentabilidade&#8221; font_container=&#8221;tag:h2|font_size:32px|text_align:left|color:%23575757|line_height:40px&#8221; use_theme_fonts=&#8221;yes&#8221; css=&#8221;.vc_custom_1666347926046{margin-bottom: 30px !important;padding-bottom: 0px !important;}&#8221;][vc_column_text css=&#8221;.vc_custom_1694005026531{margin-bottom: 0px !important;}&#8221;]<\/p>\n<p style=\"text-align: left;\">Portuguese (4.25MB)<\/p>\n<p>[\/vc_column_text][vc_column_text css=&#8221;.vc_custom_1706623872837{margin-bottom: 0px !important;}&#8221; el_class=&#8221;download-default-button&#8221;]<\/p>\n<p><a href=\"\/westafrica\/wp-content\/uploads\/sites\/4\/2024\/01\/RELAT-Resp-e-Sustent-Social-2022-DRAFT.pdf\" download=\"\">Download pdf<\/a><\/p>\n<p>[\/vc_column_text][\/vc_column_inner][\/vc_row_inner][\/vc_column][\/vc_row][vc_row tm_bgimagefixed=&#8221;&#8221; tm_zindex=&#8221;&#8221; el_class=&#8221;rportroW reportS rportroWh2hghT&#8221; css=&#8221;.vc_custom_1739790347209{padding-bottom: 65px !important;}&#8221;][vc_column width=&#8221;1\/4&#8243;][vc_single_image image=&#8221;12141&#8243; img_size=&#8221;400&#215;566&#8243; css=&#8221;.vc_custom_1747660008527{margin-bottom: 0px !important;}&#8221; el_class=&#8221;report-image&#8221;][vc_row_inner tm_zindex=&#8221;&#8221; css=&#8221;.vc_custom_1721031640187{margin-top: 30px !important;}&#8221;][vc_column_inner]<div id=\"ultimate-heading-609869df00a7edcc4\" class=\"uvc-heading ult-adjust-bottom-margin ultimate-heading-609869df00a7edcc4 uvc-1107 \" data-hspacer=\"no_spacer\"  data-halign=\"left\" style=\"text-align:left\"><div class=\"uvc-heading-spacer no_spacer\" style=\"top\"><\/div><div class=\"uvc-main-heading ult-responsive\"  data-ultimate-target='.uvc-heading.ultimate-heading-609869df00a7edcc4 h2'  data-responsive-json-new='{\"font-size\":\"\",\"line-height\":\"\"}' ><h2 style=\"font-weight:normal;\">Relat\u00f3rio Aloca\u00e7\u00e3o Green Bond<\/h2><\/div><\/div>[vc_column_text css=&#8221;.vc_custom_1747660179486{margin-bottom: 0px !important;}&#8221;]<\/p>\n<p style=\"text-align: left;\">Portuguese (5.80MB)<\/p>\n<p>[\/vc_column_text][vc_column_text css=&#8221;.vc_custom_1747660194662{margin-bottom: 0px !important;}&#8221; el_class=&#8221;download-default-button&#8221;]<a href=\"\/westafrica\/wp-content\/uploads\/sites\/4\/2025\/05\/RELATORIO_ALOCACAO_GREEN_BOND_PT-1.pdf\" download=\"\">Download pdf<\/a>[\/vc_column_text][\/vc_column_inner][\/vc_row_inner][\/vc_column][vc_column width=&#8221;1\/4&#8243;][vc_single_image image=&#8221;13006&#8243; img_size=&#8221;400&#215;566&#8243; css=&#8221;.vc_custom_1775042101154{margin-bottom: 0px !important;}&#8221; el_class=&#8221;report-image&#8221;][vc_row_inner tm_zindex=&#8221;&#8221; css=&#8221;.vc_custom_1721031640187{margin-top: 30px !important;}&#8221;][vc_column_inner]<div id=\"ultimate-heading-702669df00a7edd07\" class=\"uvc-heading ult-adjust-bottom-margin ultimate-heading-702669df00a7edd07 uvc-6823 \" data-hspacer=\"no_spacer\"  data-halign=\"left\" style=\"text-align:left\"><div class=\"uvc-heading-spacer no_spacer\" style=\"top\"><\/div><div class=\"uvc-main-heading ult-responsive\"  data-ultimate-target='.uvc-heading.ultimate-heading-702669df00a7edd07 h2'  data-responsive-json-new='{\"font-size\":\"\",\"line-height\":\"\"}' ><h2 style=\"font-weight:normal;\">2\u00ba Relato\u0301rio De Alocac\u0327a\u0303o Blue Bond<\/h2><\/div><\/div>[vc_column_text css=&#8221;.vc_custom_1775041913433{margin-bottom: 0px !important;}&#8221;]<\/p>\n<p style=\"text-align: left;\">Portuguese (4.80MB)<\/p>\n<p>[\/vc_column_text][vc_column_text css=&#8221;.vc_custom_1775042157238{margin-bottom: 0px !important;}&#8221; el_class=&#8221;download-default-button&#8221;]<a href=\"\/westafrica\/wp-content\/uploads\/sites\/4\/2026\/04\/2o-RELATORIO-DE-ALOCACAO-BLUE-BOND.pdf\" download=\"\">Download pdf<\/a><\/p>\n<p>[\/vc_column_text][\/vc_column_inner][\/vc_row_inner][\/vc_column][vc_column width=&#8221;1\/4&#8243; css=&#8221;.vc_custom_1666348185659{margin-bottom: 0px !important;padding-bottom: 0px !important;}&#8221;][\/vc_column][vc_column width=&#8221;1\/4&#8243;][\/vc_column][\/vc_row][\/vc_section]<\/p>\n<\/section>","protected":false},"excerpt":{"rendered":"<p>[vc_section full_width=&#8221;stretch_row_content&#8221; el_class=&#8221;image-banner-with-text bottom-203-banner-text our-banks-banner-text&#8221; css=&#8221;.vc_custom_1664953234945{padding-top: 0px !important;padding-bottom: 0px !important;}&#8221;][vc_row tm_bgimagefixed=&#8221;&#8221; full_width=&#8221;stretch_row_content_no_spaces&#8221;][vc_column][vc_row_inner][vc_column_inner css=&#8221;.vc_custom_1659424244579{padding-left: 0px !important;}&#8221;][vc_single_image image=&#8221;195&#8243; img_size=&#8221;full&#8221; alignment=&#8221;center&#8221; css=&#8221;.vc_custom_1678958167708{margin-bottom: 0px !important;}&#8221;][vc_column_text css=&#8221;.vc_custom_1680255607157{margin-bottom: 0px !important;padding-top: 15px !important;padding-right: 25px !important;padding-bottom: 15px !important;padding-left: 10% !important;background-color: rgba(10,10,10,0.35) !important;*background-color: rgb(10,10,10) !important;}&#8221; el_class=&#8221;white-text banner-heading banner-text-box&#8221;]Bancarizando um mundo melhor[\/vc_column_text][\/vc_column_inner][\/vc_row_inner][\/vc_column][\/vc_row][\/vc_section][vc_section css=&#8221;.vc_custom_1737549505036{padding-top: 65px !important;padding-right: 15px !important;padding-bottom: 65px !important;padding-left: 15px !important;background-color: #1a2159 !important;}&#8221; el_class=&#8221;our-purpose-text-box ouroW&#8221;][vc_row [&hellip;]<\/p>\n","protected":false},"author":1,"featured_media":0,"parent":0,"menu_order":0,"comment_status":"closed","ping_status":"closed","template":"","meta":[],"acf":[],"_links":{"self":[{"href":"https:\/\/dev2.iibanks.com\/westafrica\/wp-json\/wp\/v2\/pages\/666"}],"collection":[{"href":"https:\/\/dev2.iibanks.com\/westafrica\/wp-json\/wp\/v2\/pages"}],"about":[{"href":"https:\/\/dev2.iibanks.com\/westafrica\/wp-json\/wp\/v2\/types\/page"}],"author":[{"embeddable":true,"href":"https:\/\/dev2.iibanks.com\/westafrica\/wp-json\/wp\/v2\/users\/1"}],"replies":[{"embeddable":true,"href":"https:\/\/dev2.iibanks.com\/westafrica\/wp-json\/wp\/v2\/comments?post=666"}],"version-history":[{"count":28,"href":"https:\/\/dev2.iibanks.com\/westafrica\/wp-json\/wp\/v2\/pages\/666\/revisions"}],"predecessor-version":[{"id":13212,"href":"https:\/\/dev2.iibanks.com\/westafrica\/wp-json\/wp\/v2\/pages\/666\/revisions\/13212"}],"wp:attachment":[{"href":"https:\/\/dev2.iibanks.com\/westafrica\/wp-json\/wp\/v2\/media?parent=666"}],"curies":[{"name":"wp","href":"https:\/\/api.w.org\/{rel}","templated":true}]}}